 is divided by 11?
10
Calculate the remainder when 57756 is divided by 28698.
360
What is the remainder when 940758625 is divided by 1081?
1079
Calculate the remainder when 4987693 is divided by 152.
117
What is the remainder when 3477239 is divided by 1230?
29
Calculate the remainder when 50190 is divided by 15501.
3687
What is the remainder when 395150 is divided by 4247?
179
Calculate the remainder when 18070875 is divided by 530.
525
Calculate the remainder when 775005 is divided by 4101.
4017
Calculate the remainder when 58572 is divided by 3061.
413
Calculate the remainder when 62827912 is divided by 8024.
8016
What is the remainder when 2262281 is divided by 2027?
149
What is the remainder when 218890 is divided by 202?
124
What is the remainder when 1270674 is divided by 19548?
54
Calculate the remainder when 25957 is divided by 25579.
378
What is the remainder when 3477768 is divided by 20?
8
What is the remainder when 19738 is divided by 448?
26
Calculate the remainder when 11606367 is divided by 213.
210
What is the remainder when 9068165 is divided by 148657?
88
What is the remainder when 14556883 is divided by 14?
5
Calculate the remainder when 9153050 is divided by 243.
212
Calculate the remainder when 408160 is divided by 238.
228
Calculate the remainder when 23191 is divided by 4790.
4031
What is the remainder when 1023059 is divided by 2010?
1979
Calculate the remainder when 21810391 is divided by 4226.
5
Calculate the remainder when 6174805 is divided by 68.
65
What is the remainder when 3408557 is divided by 1555?
1552
Calculate the remainder when 474943 is divided by 359.
345
Calculate the remainder when 4055057 is divided by 273.
188
What is the remainder when 17540161 is divided by 4385038?
9
What is the remainder when 8775566 is divided by 243765?
26
Calculate the remainder when 2325978 is divided by 15610.
88
Calculate the remainder when 237596 is divided by 23738.
216
What is the remainder when 4358812 is divided by 176?
172
Calculate the remainder when 532942 is divided by 76087.
333
What is the remainder when 495006 is divided by 70694?
148
Calculate the remainder when 733713769 is divided by 763.
761
What is the remainder when 134521 is divided by 998?
789
What is the remainder when 642192 is divided by 834?
12
Calculate the remainder when 263685 is divided by 6131.
52
What is the remainder when 946344 is divided by 314821?
1881
What is the remainder when 4205398 is divided by 247376?
6
What is the remainder when 87367 is divided by 2077?
133
Calculate the remainder when 631486 is divided by 17.
4
What is the remainder when 2574698 is divided by 1979?
19
What is the remainder when 367800420 is divided by 51?
48
What is the remainder when 38034 is divided by 4193?
297
What is the remainder when 491429622 is divided by 6276?
6270
What is the remainder when 3219152 is divided by 1522?
122
Calculate the remainder when 737543 is divided by 184375.
43
Calculate the remainder when 73092490 is divided by 24364142.
64
What is the remainder when 38047966 is divided by 4893?
4891
Calculate the remainder when 12696027 is divided by 3173999.
31
What is the remainder when 13438887 is divided by 2218?
25
What is the remainder when 2786641 is divided by 28728?
25
Calculate the remainder when 7573731 is divided by 21.
18
Calculate the remainder when 112159 is divided by 2888.
2415
What is the remainder when 43713 is divided by 3631?
141
What is the remainder when 44485 is divided by 2457?
259
Calculate the remainder when 616232332 is divided by 4568.
4564
Calculate the remainder when 33460 is divided by 984.
4
What is the remainder when 717739 is divided by 550?
539
What is the remainder when 7074596 is divided by 1097?
43
What is the remainder when 717230843 is divided by 18?
17
Calculate the remainder when 908527 is divided by 1810.
1717
What is the remainder when 4232651 is divided by 1729?
59
Calculate the remainder when 4664071 is divided by 67595.
16
Calculate the remainder when 10949622 is divided by 179502.
0
What is the remainder when 24394836 is divided by 315?
291
Calculate the remainder when 4993869 is divided by 2496907.
55
What is the remainder when 280213 is divided by 46669?
199
What is the remainder when 703282 is divided by 58?
32
What is the remainder when 14058615 is divided by 31103?
59
What is the remainder when 6843471 is divided by 92479?
25
Calculate the remainder when 249535 is divided by 1472.
767
Calculate the remainder when 5539636 is divided by 201.
76
What is the remainder when 2138177 is divided by 213808?
97
What is the remainder when 3926246 is divided by 159?
59
What is the remainder when 7868455 is divided by 2622725?
280
What is the remainder when 347193 is divided by 773?
116
Calculate the remainder when 101553812 is divided by 20310760.
12
What is the remainder when 2243874 is divided by 331?
25
What is the remainder when 41876713 is divided by 15?
13
Calculate the remainder when 9401968 is divided by 3808.
16
What is the remainder when 28286880 is divided by 26?
24
Calculate the remainder when 99872 is divided by 32351.
2819
Calculate the remainder when 33449610 is divided by 3040872.
18
What is the remainder when 39470675 is divided by 12?
11
What is the remainder when 255064 is divided by 7116?
6004
Calculate the remainder when 166739893 is divided by 1322.
1321
Calculate the remainder when 303432314 is divided by 136.
130
Calculate the remainder when 71319021 is divided by 815.
1
What is the remainder when 23661575 is divided by 813?
23
What is the remainder when 2647991 is divided by 47271?
815
What is the remainder when 474026308 is divided by 270?
268
Calculate the remainder when 756860 is divided by 252254.
98
Calculate the remainder when 357014 is divided by 5735.
1444
What is the remainder when 277881 is divided by 134?
99
Calculate the remainder when 1265869 is divided by 4906.
121
Calculate the remainder when 3785900 is divided by 1724.
1720
Calculate the remainder when 158348564 is divided by 2505.
2504
What is the remainder when 3269918 is divided by 44?
14
Calculate the remainder when 348973 is divided by 1551.
1549
What is the remainder when 213524 is divided by 213505?
19
Calculate the remainder when 7899600 is divided by 395.
390
Calculate the remainder when 3532810 is divided by 314.
310
What is the remainder when 47985 is divided by 23815?
355
Calculate the remainder when 174288 is divided by 741.
153
Calculate the remainder when 154962023 is divided by 1732.
1715
What is the remainder when 12703740 is divided by 272?
252
Calculate the remainder when 55723 is divided by 3634.
1213
Calculate the remainder when 1355808 is divided by 1004.
408
What is the remainder when 4581390 is divided by 40?
30
What is the remainder when 215800 is divided by 735?
445
What is the remainder when 788310 is divided by 175?
110
What is the remainder when 14244 is divided by 158?
24
What is the remainder when 2608 is divided by 379?
334
What is the remainder when 1709149 is divided by 74307?
88
Calculate the remainder when 14662 is divided by 12500.
2162
Calculate the remainder when 2160515 is divided by 432101.
10
What is the remainder when 1997987 is divided by 553?
551
What is the remainder when 123418441 is divided by 30854610?
1
Calculate the remainder when 1552318 is divided by 660.
658
Calculate the remainder when 216280 is divided by 4079.
93
Calculate the remainder when 1042893 is divided by 18.
9
Calculate the remainder when 21446043 is divided by 357434.
3
What is the remainder when 117417 is divided by 39135?
12
What is the remainder when 144927 is divided by 129320?
15607
Calculate the remainder when 5290704 is divided by 2118.
2058
What is the remainder when 211459457 is divided by 202?
201
What is the remainder when 688628 is divided by 5731?
908
Calculate the remainder when 1653826 is divided by 699.
691
What is the remainder when 48929 is divided by 428?
137
Calculate the remainder when 64721 is divided by 441.
335
Calculate the remainder when 1666046 is divided by 539.
536
What is the remainder when 69158 is divided by 1306?
1246
What is the remainder when 3987259 is divided by 3987241?
18
Calculate the remainder when 23402014 is divided by 2937.
2935
Calculate the remainde